ed by 53?
51
What is the remainder when 277 is divided by 73?
58
What is the remainder when 89 is divided by 39?
11
Calculate the remainder when 878 is divided by 47.
32
What is the remainder when 111 is divided by 59?
52
Calculate the remainder when 253 is divided by 32.
29
What is the remainder when 222 is divided by 57?
51
Calculate the remainder when 3766 is divided by 1253.
7
Calculate the remainder when 792 is divided by 235.
87
Calculate the remainder when 79 is divided by 51.
28
What is the remainder when 628 is divided by 105?
103
Calculate the remainder when 144 is divided by 10.
4
What is the remainder when 130 is divided by 36?
22
Calculate the remainder when 45929 is divided by 30.
29
Calculate the remainder when 32 is divided by 6.
2
Calculate the remainder when 7544 is divided by 77.
75
What is the remainder when 4045 is divided by 2020?
5
What is the remainder when 106 is divided by 43?
20
What is the remainder when 772 is divided by 27?
16
What is the remainder when 439 is divided by 7?
5
What is the remainder when 39 is divided by 35?
4
What is the remainder when 143 is divided by 29?
27
What is the remainder when 849 is divided by 21?
9
Calculate the remainder when 146 is divided by 20.
6
What is the remainder when 15 is divided by 11?
4
Calculate the remainder when 2999 is divided by 749.
3
Calculate the remainder when 9910 is divided by 187.
186
Calculate the remainder when 74 is divided by 6.
2
Calculate the remainder when 10350 is divided by 203.
200
What is the remainder when 58 is divided by 5?
3
What is the remainder when 148 is divided by 15?
13
Calculate the remainder when 775 is divided by 211.
142
Calculate the remainder when 140 is divided by 18.
14
Calculate the remainder when 290 is divided by 93.
11
What is the remainder when 280 is divided by 15?
10
What is the remainder when 696 is divided by 22?
14
What is the remainder when 42 is divided by 11?
9
What is the remainder when 1167 is divided by 18?
15
Calculate the remainder when 31812 is divided by 15.
12
Calculate the remainder when 864 is divided by 173.
172
Calculate the remainder when 223 is divided by 49.
27
What is the remainder when 77 is divided by 20?
17
Calculate the remainder when 1687 is divided by 221.
140
Calculate the remainder when 318 is divided by 81.
75
What is the remainder when 564 is divided by 23?
12
What is the remainder when 2941 is divided by 32?
29
Calculate the remainder when 101 is divided by 13.
10
Calculate the remainder when 5816 is divided by 30.
26
Calculate the remainder when 399 is divided by 97.
11
What is the remainder when 319 is divided by 46?
43
Calculate the remainder when 1876 is divided by 40.
36
What is the remainder when 953 is divided by 205?
133
What is the remainder when 6061 is divided by 16?
13
What is the remainder when 4537 is divided by 4?
1
Calculate the remainder when 223 is divided by 180.
43
Calculate the remainder when 714 is divided by 349.
16
Calculate the remainder when 1322 is divided by 23.
11
What is the remainder when 89 is divided by 13?
11
Calculate the remainder when 104 is divided by 36.
32
What is the remainder when 121 is divided by 14?
9
What is the remainder when 4453 is divided by 97?
88
What is the remainder when 2984 is divided by 103?
100
Calculate the remainder when 489 is divided by 70.
69
What is the remainder when 4292 is divided by 1071?
8
What is the remainder when 5277 is divided by 240?
237
Calculate the remainder when 391 is divided by 19.
11
Calculate the remainder when 3096 is divided by 100.
96
Calculate the remainder when 1658 is divided by 111.
104
Calculate the remainder when 699 is divided by 50.
49
Calculate the remainder when 3239 is divided by 141.
137
Calculate the remainder when 188 is divided by 10.
8
Calculate the remainder when 421 is divided by 110.
91
What is the remainder when 786 is divided by 43?
12
What is the remainder when 194 is divided by 115?
79
What is the remainder when 112 is divided by 100?
12
Calculate the remainder when 501 is divided by 12.
9
Calculate the remainder when 165 is divided by 45.
30
What is the remainder when 405 is divided by 33?
9
Calculate the remainder when 969 is divided by 10.
9
What is the remainder when 2587 is divided by 108?
103
Calculate the remainder when 259 is divided by 20.
19
Calculate the remainder when 1271 is divided by 116.
111
What is the remainder when 1546 is divided by 484?
94
Calculate the remainder when 656 is divided by 55.
51
What is the remainder when 693 is divided by 13?
4
Calculate the remainder when 182 is divided by 8.
6
What is the remainder when 278 is divided by 139?
0
What is the remainder when 202 is divided by 11?
4
Calculate the remainder when 336 is divided by 20.
16
What is the remainder when 42 is divided by 19?
4
Calculate the remainder when 1277 is divided by 32.
29
Calculate the remainder when 214 is divided by 22.
16
Calculate the remainder when 1823 is divided by 12.
11
What is the remainder when 2029 is divided by 1012?
5
What is the remainder when 113 is divided by 94?
19
What is the remainder when 180 is divided by 49?
33
Calculate the remainder when 89122 is divided by 25.
22
What is the remainder when 103 is divided by 29?
16
Calculate the remainder when 252 is divided by 12.
0
Calculate the remainder when 166 is divided by 29.
21
Calculate the remainder when 185 is divided by 38.
33
What is the remainder when 168 is divided by 58?
52
Calculate the remainder when 2683 is divided by 61.
60
Calculate the remainder when 959 is divided by 32.
31
Calculate the remainder when 37155 is divided by 66.
63
What is the remainder when 3583 is divided by 511?
6
Calculate the remainder when 206 is divided by 187.
19
What is the remainder when 1363 is divided by 227?
1
What is the remainder when 2552 is divided by 37?
36
What is the remainder when 595 is divided by 69?
43
What is the remainder when 1010 is divided by 44?
42
Calculate the remainder when 278 is divided by 153.
125
What is the remainder when 360 is divided by 26?
22
Calculate the remainder when 2795 is divided by 33.
23
Calculate the remainder when 475 is divided by 7.
6
Calculate the remainder when 188 is divided by 8.
4
What is the remainder when 182 is divided by 58?
8
What is the remainder when 68 is divided by 13?
3
Calculate the remainder when 376 is divided by 132.
112
What is the remainder when 34 is divided by 11?
1
Calculate the remainder when 160 is divided by 82.
78
What is the remainder when 3368 is divided by 125?
118
What is the remainder when 84 is divided by 27?
3
What is the remainder when 35 is divided by 19?
16
Calculate the remainder when 1228 is divided by 394.
46
Calculate the remainder when 230 is divided by 40.
30
Calculate the remainder when 324 is divided by 43.
23
Calculate the remainder when 1885 is divided by 28.
9
What is the remainder when 68 is divided by 10?
8
What is the remainder when 490 is divided by 20?
10
Calculate the remainder when 2148 is divided by 274.
230
What is the remainder when 24 is divided by 2?
0
Calculate the remainder when 3026 is divided by 92.
82
What is the remainder when 670 is divided by 296?
78
Calculate the remainder when 24 is divided by 20.
4
What is the remainder when 871 is divided by 24?
7
What is the remainder when 49 is divided by 41?
8
What is the remainder when 1608 is divided by 179?
176
What is the remainder when 620 is divided by 24?
20
What is the remainder when 5710 is divided by 24?
22
Calculate the remainder when 257 is divided by 92.
73
What is the remainder when 126 is divided by 36?
18
Calculate the remainder when 894 is divided by 112.
110
Calculate the remainder when 84 is divided by 4.
0
What is the remainder when 4040 is divided by 139?
9
Calculate the remainder when 126 is divided by 16.
14
What is the remainder when 296 is divided by 19?
11
What is the remainder when 908 is divided by 429?
50
Calculate the remainder when 309 is divided by 152.
5
Calculate the remainder when 507 is divided by 65.
52
Calculate the remainder when 86 is divided by 24.
14
What is the remainder when 3184 is divided by 1575?
34
Calculate the remainder when 29169 is divided by 33.
30
What is the remainder when 2145 is divided by 74?
73
What is the remainder wh